{"id":4920,"date":"2025-01-23T11:48:01","date_gmt":"2025-01-23T10:48:01","guid":{"rendered":"https:\/\/www.mv-neukirchen.at\/wp\/?page_id=4920"},"modified":"2025-09-10T09:06:37","modified_gmt":"2025-09-10T07:06:37","slug":"termine-2025","status":"publish","type":"page","link":"https:\/\/www.mv-neukirchen.at\/wp\/termine-2025\/","title":{"rendered":"Termine 2025"},"content":{"rendered":"\n<figure class=\"wp-block-table\"><table><tbody><tr><td>28.02.<\/td><td>Faschingsprobe<\/td><\/tr><tr><td>02.03.<\/td><td>Faschingsonntag<\/td><\/tr><tr><td>04.03.<\/td><td>Faschingdienstag H\u00e4uslerzelt<\/td><\/tr><tr><td>30.04.<\/td><td>Maibaumaufstellen<\/td><\/tr><tr><td>01.05.<\/td><td>Tag der Blasmusik<\/td><\/tr><tr><td>04.05.<\/td><td>Florianikirchgang<\/td><\/tr><tr><td>06.05.<\/td><td>Lehrprobe Stabf\u00fchrer<\/td><\/tr><tr><td>18.05.<\/td><td>Bierzelt FF Neukirchen Fr\u00fchschoppen<\/td><\/tr><tr><td>25.05.<\/td><td>Erstkommunion<\/td><\/tr><tr><td>19.06.<\/td><td>Fronleichnam<\/td><\/tr><tr><td><strong>20.06. &#8211; 22.06.<\/strong><\/td><td><strong>Bezirksmusikfest mit Marschwertung in Neukirchen<\/strong><\/td><\/tr><tr><td>03.07.<\/td><td>Promenadenkonzert<\/td><\/tr><tr><td>05.07.<\/td><td>Dorffest Neukirchen<\/td><\/tr><tr><td>11.07.<\/td><td>Musikfest Mitterwei\u00dfenbach<\/td><\/tr><tr><td>31.08.<\/td><td>Brunnkoglmesse<\/td><\/tr><tr><td>21.09.<\/td><td>Kirchgang der Vereine<\/td><\/tr><tr><td>01.11.<\/td><td>Allerheiligen<\/td><\/tr><tr><td>15.11.<\/td><td>Herbstkonzert<\/td><\/tr><tr><td>13.12.<\/td><td>Weihnachtsblasen<\/td><\/tr><\/tbody><\/table><\/figure>\n","protected":false},"excerpt":{"rendered":"<p>28.02. Faschingsprobe 02.03. Faschingsonntag 04.03. Faschingdienstag H\u00e4uslerzelt 30.04. Maibaumaufstellen 01.05. Tag der Blasmusik 04.05. Florianikirchgang 06.05. Lehrprobe Stabf\u00fchrer 18.05. Bierzelt FF Neukirchen Fr\u00fchschoppen 25.05. Erstkommunion 19.06. Fronleichnam 20.06. &#8211; 22.06. Bezirksmusikfest mit Marschwertung in Neukirchen 03.07. Promenadenkonzert 05.07. Dorffest Neukirchen 11.07. Musikfest Mitterwei\u00dfenbach 31.08. Brunnkoglmesse 21.09. Kirchgang der Vereine 01.11. Allerheiligen 15.11. Herbstkonzert 13.12. Weihnachtsblasen<\/p>\n","protected":false},"author":1,"featured_media":0,"parent":0,"menu_order":0,"comment_status":"closed","ping_status":"closed","template":"","meta":{"footnotes":""},"class_list":["post-4920","page","type-page","status-publish","hentry"],"_links":{"self":[{"href":"https:\/\/www.mv-neukirchen.at\/wp\/wp-json\/wp\/v2\/pages\/4920","targetHints":{"allow":["GET"]}}],"collection":[{"href":"https:\/\/www.mv-neukirchen.at\/wp\/wp-json\/wp\/v2\/pages"}],"about":[{"href":"https:\/\/www.mv-neukirchen.at\/wp\/wp-json\/wp\/v2\/types\/page"}],"author":[{"embeddable":true,"href":"https:\/\/www.mv-neukirchen.at\/wp\/wp-json\/wp\/v2\/users\/1"}],"replies":[{"embeddable":true,"href":"https:\/\/www.mv-neukirchen.at\/wp\/wp-json\/wp\/v2\/comments?post=4920"}],"version-history":[{"count":4,"href":"https:\/\/www.mv-neukirchen.at\/wp\/wp-json\/wp\/v2\/pages\/4920\/revisions"}],"predecessor-version":[{"id":5434,"href":"https:\/\/www.mv-neukirchen.at\/wp\/wp-json\/wp\/v2\/pages\/4920\/revisions\/5434"}],"wp:attachment":[{"href":"https:\/\/www.mv-neukirchen.at\/wp\/wp-json\/wp\/v2\/media?parent=4920"}],"curies":[{"name":"wp","href":"https:\/\/api.w.org\/{rel}","templated":true}]}}

<figure class="wp-block-table"><table><tbody><tr><td>28.02.</td><td>Faschingsprobe</td></tr><tr><td>02.03.</td><td>Faschingsonntag</td></tr><tr><td>04.03.</td><td>Faschingdienstag Häuslerzelt</td></tr><tr><td>30.04.</td><td>Maibaumaufstellen</td></tr><tr><td>01.05.</td><td>Tag der Blasmusik</td></tr><tr><td>04.05.</td><td>Florianikirchgang</td></tr><tr><td>06.05.</td><td>Lehrprobe Stabführer</td></tr><tr><td>18.05.</td><td>Bierzelt FF Neukirchen Frühschoppen</td></tr><tr><td>25.05.</td><td>Erstkommunion</td></tr><tr><td>19.06.</td><td>Fronleichnam</td></tr><tr><td><strong>20.06. &#8211; 22.06.</strong></td><td><strong>Bezirksmusikfest mit Marschwertung in Neukirchen</strong></td></tr><tr><td>03.07.</td><td>Promenadenkonzert</td></tr><tr><td>05.07.</td><td>Dorffest Neukirchen</td></tr><tr><td>11.07.</td><td>Musikfest Mitterweißenbach</td></tr><tr><td>31.08.</td><td>Brunnkoglmesse</td></tr><tr><td>21.09.</td><td>Kirchgang der Vereine</td></tr><tr><td>01.11.</td><td>Allerheiligen</td></tr><tr><td>15.11.</td><td>Herbstkonzert</td></tr><tr><td>13.12.</td><td>Weihnachtsblasen</td></tr></tbody></table></figure>

<p>28.02. Faschingsprobe 02.03. Faschingsonntag 04.03. Faschingdienstag Häuslerzelt 30.04. Maibaumaufstellen 01.05. Tag der Blasmusik 04.05. Florianikirchgang 06.05. Lehrprobe Stabführer 18.05. Bierzelt FF Neukirchen Frühschoppen 25.05. Erstkommunion 19.06. Fronleichnam 20.06. &#8211; 22.06. Bezirksmusikfest mit Marschwertung in Neukirchen 03.07. Promenadenkonzert 05.07. Dorffest Neukirchen 11.07. Musikfest Mitterweißenbach 31.08. Brunnkoglmesse 21.09. Kirchgang der Vereine 01.11. Allerheiligen 15.11. Herbstkonzert 13.12. Weihnachtsblasen</p>
